{"id":780,"date":"2020-08-19T13:33:57","date_gmt":"2020-08-19T11:33:57","guid":{"rendered":"http:\/\/buflings.golfclub-oberstaufen.de\/?page_id=780"},"modified":"2025-09-18T21:18:11","modified_gmt":"2025-09-18T19:18:11","slug":"aktuelles","status":"publish","type":"page","link":"https:\/\/golfzentrum-oberstaufen.de\/?page_id=780","title":{"rendered":"Aktuelles"},"content":{"rendered":"\t\t<div data-elementor-type=\"wp-page\" data-elementor-id=\"780\" class=\"elementor elementor-780\" data-elementor-post-type=\"page\">\n\t\t\t\t\t\t<section class=\"elementor-section elementor-top-section elementor-element elementor-element-9b9a270 elementor-section-full_width elementor-section-height-default elementor-section-height-default\" data-id=\"9b9a270\" data-element_type=\"section\" data-e-type=\"section\">\n\t\t\t\t\t\t<div class=\"elementor-container elementor-column-gap-no\">\n\t\t\t\t\t<div class=\"elementor-column elementor-col-100 elementor-top-column elementor-element elementor-element-a3d6efb\" data-id=\"a3d6efb\" data-element_type=\"column\" data-e-type=\"column\">\n\t\t\t<div class=\"elementor-widget-wrap elementor-element-populated\">\n\t\t\t\t\t\t<div class=\"elementor-element elementor-element-773fb6d elementor-widget elementor-widget-image\" data-id=\"773fb6d\" data-element_type=\"widget\" data-e-type=\"widget\" data-widget_type=\"image.default\">\n\t\t\t\t<div class=\"elementor-widget-container\">\n\t\t\t\t\t\t\t\t\t\t\t\t\t\t\t<img fetchpriority=\"high\" decoding=\"async\" width=\"1500\" height=\"509\" src=\"https:\/\/golfzentrum-oberstaufen.de\/wp-content\/uploads\/2020\/08\/Bild-025.jpg\" class=\"attachment-full size-full wp-image-792\" alt=\"\" srcset=\"https:\/\/golfzentrum-oberstaufen.de\/wp-content\/uploads\/2020\/08\/Bild-025.jpg 1500w, https:\/\/golfzentrum-oberstaufen.de\/wp-content\/uploads\/2020\/08\/Bild-025-300x102.jpg 300w, https:\/\/golfzentrum-oberstaufen.de\/wp-content\/uploads\/2020\/08\/Bild-025-1024x347.jpg 1024w, https:\/\/golfzentrum-oberstaufen.de\/wp-content\/uploads\/2020\/08\/Bild-025-768x261.jpg 768w\" sizes=\"(max-width: 1500px) 100vw, 1500px\" \/>\t\t\t\t\t\t\t\t\t\t\t\t\t\t\t<\/div>\n\t\t\t\t<\/div>\n\t\t\t\t\t<\/div>\n\t\t<\/div>\n\t\t\t\t\t<\/div>\n\t\t<\/section>\n\t\t\t\t<section class=\"elementor-section elementor-top-section elementor-element elementor-element-c361513 elementor-section-boxed elementor-section-height-default elementor-section-height-default\" data-id=\"c361513\" data-element_type=\"section\" data-e-type=\"section\" data-settings=\"{&quot;background_background&quot;:&quot;classic&quot;}\">\n\t\t\t\t\t\t<div class=\"elementor-container elementor-column-gap-default\">\n\t\t\t\t\t<div class=\"elementor-column elementor-col-100 elementor-top-column elementor-element elementor-element-d88c108\" data-id=\"d88c108\" data-element_type=\"column\" data-e-type=\"column\">\n\t\t\t<div class=\"elementor-widget-wrap elementor-element-populated\">\n\t\t\t\t\t\t<div class=\"elementor-element elementor-element-d83afd8 elementor-widget elementor-widget-spacer\" data-id=\"d83afd8\" data-element_type=\"widget\" data-e-type=\"widget\" data-widget_type=\"spacer.default\">\n\t\t\t\t<div class=\"elementor-widget-container\">\n\t\t\t\t\t\t\t<div class=\"elementor-spacer\">\n\t\t\t<div class=\"elementor-spacer-inner\"><\/div>\n\t\t<\/div>\n\t\t\t\t\t\t<\/div>\n\t\t\t\t<\/div>\n\t\t\t\t\t<\/div>\n\t\t<\/div>\n\t\t\t\t\t<\/div>\n\t\t<\/section>\n\t\t\t\t<section class=\"elementor-section elementor-top-section elementor-element elementor-element-edf39c5 elementor-section-boxed elementor-section-height-default elementor-section-height-default\" data-id=\"edf39c5\" data-element_type=\"section\" data-e-type=\"section\">\n\t\t\t\t\t\t<div class=\"elementor-container elementor-column-gap-default\">\n\t\t\t\t\t<div class=\"elementor-column elementor-col-100 elementor-top-column elementor-element elementor-element-8ccf9dd\" data-id=\"8ccf9dd\" data-element_type=\"column\" data-e-type=\"column\">\n\t\t\t<div class=\"elementor-widget-wrap elementor-element-populated\">\n\t\t\t\t\t\t<div class=\"elementor-element elementor-element-8717703 elementor-widget elementor-widget-posts\" data-id=\"8717703\" data-element_type=\"widget\" data-e-type=\"widget\" data-settings=\"{&quot;full_content_row_gap&quot;:{&quot;unit&quot;:&quot;px&quot;,&quot;size&quot;:35,&quot;sizes&quot;:[]}}\" data-widget_type=\"posts.full_content\">\n\t\t\t\t<div class=\"elementor-widget-container\">\n\t\t\t\t\t\t\t<div class=\"elementor-posts-container elementor-posts elementor-posts--skin-full_content elementor-grid\" role=\"list\">\n\t\t\t\t<article class=\"elementor-post elementor-grid-item post-1362 post type-post status-publish format-standard hentry category-aktuelles\" role=\"listitem\">\n\t\t\t\t<div class=\"elementor-post__text\">\n\t\t\n<h2 id=\"wp-block-themeisle-blocks-advanced-heading-b32f7635\" class=\"wp-block-themeisle-blocks-advanced-heading wp-block-themeisle-blocks-advanced-heading-b32f7635\">Aktuelle Informationen<\/h2>\n\n\n\n<p class=\"has-text-align-center\">Wir haben <strong>keine Startzeiten<\/strong>. Sie k\u00f6nnen w\u00e4hrend der \u00d6ffnungszeiten des Sekretariats einfach vorbeikommen.<\/p>\n\n\n\n<p class=\"has-text-align-center\"><strong>\u00d6ffnungszeiten des Sekretariats:<\/strong><\/p>\n\n\n\n<p class=\"has-text-align-center\">Oberstaufen: 9 bis 17 Uhr<\/p>\n\n\n\n<p class=\"has-text-align-center\">Scheidegg: 9 bis 17 Uhr<\/p>\n\n\n\n<p>Witterungsbedingt k\u00f6nnen sich \u00c4nderungen ergeben.<\/p>\n\n\n\n<p class=\"has-text-align-center\"><\/p>\n\n\n\n<p><\/p>\n\n\n\n<hr class=\"wp-block-separator has-text-color has-accent-color has-css-opacity has-accent-background-color has-background is-style-wide\" \/>\n\n\n\n<div style=\"height:55px\" aria-hidden=\"true\" class=\"wp-block-spacer\"><\/div>\n\n\n\n<p class=\"has-text-align-center\"><\/p>\n\t\t<\/div>\n\t\t\t\t<\/article>\n\t\t\t\t<\/div>\n\t\t\n\t\t\t\t\t\t<\/div>\n\t\t\t\t<\/div>\n\t\t\t\t\t<\/div>\n\t\t<\/div>\n\t\t\t\t\t<\/div>\n\t\t<\/section>\n\t\t\t\t<\/div>\n\t\t","protected":false},"excerpt":{"rendered":"","protected":false},"author":1,"featured_media":0,"parent":0,"menu_order":0,"comment_status":"closed","ping_status":"closed","template":"elementor_header_footer","meta":{"footnotes":"","_elementor_edit_mode":"builder","_elementor_template_type":"wp-page","_elementor_data":"[{\"id\":\"9b9a270\",\"elType\":\"section\",\"settings\":{\"layout\":\"full_width\",\"gap\":\"no\"},\"elements\":[{\"id\":\"a3d6efb\",\"elType\":\"column\",\"settings\":{\"_column_size\":100,\"_inline_size\":null},\"elements\":[{\"id\":\"773fb6d\",\"elType\":\"widget\",\"settings\":{\"image\":{\"url\":\"http:\\\/\\\/buflings.golfclub-oberstaufen.de\\\/wp-content\\\/uploads\\\/2020\\\/08\\\/Bild-025.jpg\",\"id\":792},\"image_size\":\"full\"},\"elements\":[],\"widgetType\":\"image\"}],\"isInner\":false}],\"isInner\":false},{\"id\":\"c361513\",\"elType\":\"section\",\"settings\":{\"content_width\":{\"unit\":\"px\",\"size\":500,\"sizes\":[]},\"background_background\":\"classic\",\"background_color\":\"rgba(0, 0, 0, 0)\",\"border_radius\":{\"unit\":\"px\",\"top\":\"0\",\"right\":\"0\",\"bottom\":\"0\",\"left\":\"0\",\"isLinked\":true}},\"elements\":[{\"id\":\"d88c108\",\"elType\":\"column\",\"settings\":{\"_column_size\":100,\"_inline_size\":null},\"elements\":[{\"id\":\"d83afd8\",\"elType\":\"widget\",\"settings\":{\"space\":{\"unit\":\"px\",\"size\":10,\"sizes\":[]}},\"elements\":[],\"widgetType\":\"spacer\"}],\"isInner\":false}],\"isInner\":false},{\"id\":\"edf39c5\",\"elType\":\"section\",\"settings\":[],\"elements\":[{\"id\":\"8ccf9dd\",\"elType\":\"column\",\"settings\":{\"_column_size\":100,\"_inline_size\":null,\"content_position\":\"center\",\"align\":\"center\"},\"elements\":[{\"id\":\"8717703\",\"elType\":\"widget\",\"settings\":{\"classic_columns\":\"1\",\"classic_posts_per_page\":3,\"classic_meta_data\":[\"date\",\"time\"],\"classic_meta_separator\":\"\\\/\\\/\\\/\",\"classic_read_more_text\":\"Weiterlesen \\u00bb\",\"cards_meta_separator\":\"\\u2022\",\"cards_read_more_text\":\"Weiterlesen \\u00bb\",\"full_content_meta_separator\":\"\\\/\\\/\\\/\",\"pagination_page_limit\":\"5\",\"pagination_prev_label\":\"&laquo; Voriger\",\"pagination_next_label\":\"N\\u00e4chster &raquo;\",\"classic_image_width\":{\"unit\":\"%\",\"size\":19,\"sizes\":[]},\"classic_row_gap\":{\"unit\":\"px\",\"size\":30,\"sizes\":[]},\"classic_alignment\":\"left\",\"classic_box_border_radius\":{\"unit\":\"px\",\"size\":0,\"sizes\":[]},\"classic_content_padding\":{\"unit\":\"px\",\"top\":\"1\",\"right\":\"1\",\"bottom\":\"1\",\"left\":\"1\",\"isLinked\":true},\"classic_title_spacing\":{\"unit\":\"px\",\"size\":0,\"sizes\":[]},\"classic_excerpt_spacing\":{\"unit\":\"px\",\"size\":0,\"sizes\":[]},\"classic_read_more_spacing\":{\"unit\":\"px\",\"size\":0,\"sizes\":[]},\"classic_show_read_more\":\"\",\"classic_title_color\":\"#58810E\",\"_skin\":\"full_content\",\"full_content_posts_per_page\":1,\"full_content_show_title\":\"\",\"full_content_meta_data\":[],\"posts_select_date\":\"exact\",\"posts_date_before\":\"2020-09-10 10:54\",\"posts_date_after\":\"2020-09-10 10:54\",\"cards_columns\":\"1\",\"text\":\"Mehr laden\",\"load_more_no_posts_custom_message\":\"Keine Beitr\\u00e4ge mehr anzeigen\"},\"elements\":[],\"widgetType\":\"posts\"}],\"isInner\":false}],\"isInner\":false}]","_elementor_page_settings":null,"_elementor_conditions":[]},"class_list":["post-780","page","type-page","status-publish","hentry"],"_links":{"self":[{"href":"https:\/\/golfzentrum-oberstaufen.de\/index.php?rest_route=\/wp\/v2\/pages\/780","targetHints":{"allow":["GET"]}}],"collection":[{"href":"https:\/\/golfzentrum-oberstaufen.de\/index.php?rest_route=\/wp\/v2\/pages"}],"about":[{"href":"https:\/\/golfzentrum-oberstaufen.de\/index.php?rest_route=\/wp\/v2\/types\/page"}],"author":[{"embeddable":true,"href":"https:\/\/golfzentrum-oberstaufen.de\/index.php?rest_route=\/wp\/v2\/users\/1"}],"replies":[{"embeddable":true,"href":"https:\/\/golfzentrum-oberstaufen.de\/index.php?rest_route=%2Fwp%2Fv2%2Fcomments&post=780"}],"version-history":[{"count":36,"href":"https:\/\/golfzentrum-oberstaufen.de\/index.php?rest_route=\/wp\/v2\/pages\/780\/revisions"}],"predecessor-version":[{"id":2576,"href":"https:\/\/golfzentrum-oberstaufen.de\/index.php?rest_route=\/wp\/v2\/pages\/780\/revisions\/2576"}],"wp:attachment":[{"href":"https:\/\/golfzentrum-oberstaufen.de\/index.php?rest_route=%2Fwp%2Fv2%2Fmedia&parent=780"}],"curies":[{"name":"wp","href":"https:\/\/api.w.org\/{rel}","templated":true}]}}